Last updated on 2025-02-19 01:50:48 CET.
Flavor | Version | Tinstall | Tcheck | Ttotal | Status | Flags |
---|---|---|---|---|---|---|
r-devel-linux-x86_64-debian-clang | 0.1.0 | 3.67 | 20.19 | 23.86 | OK | |
r-devel-linux-x86_64-debian-gcc | 0.1.0 | 2.91 | 16.88 | 19.79 | OK | |
r-devel-linux-x86_64-fedora-clang | 0.1.0 | 39.74 | NOTE | |||
r-devel-linux-x86_64-fedora-gcc | 0.1.0 | 36.49 | NOTE | |||
r-devel-macos-arm64 | 0.1.0 | 19.00 | OK | |||
r-devel-macos-x86_64 | 0.1.0 | 31.00 | OK | |||
r-devel-windows-x86_64 | 0.1.0 | 5.00 | 42.00 | 47.00 | OK | |
r-patched-linux-x86_64 | 0.1.0 | 3.35 | 20.09 | 23.44 | OK | |
r-release-linux-x86_64 | 0.1.0 | 3.71 | 19.74 | 23.45 | OK | |
r-release-macos-arm64 | 0.1.0 | 18.00 | OK | |||
r-release-macos-x86_64 | 0.1.0 | 25.00 | OK | |||
r-release-windows-x86_64 | 0.1.0 | 6.00 | 42.00 | 48.00 | OK | |
r-oldrel-macos-arm64 | 0.1.0 | 22.00 | OK | |||
r-oldrel-macos-x86_64 | 0.1.0 | 26.00 | OK | |||
r-oldrel-windows-x86_64 | 0.1.0 | 8.00 | 59.00 | 67.00 | OK |
Version: 0.1.0
Check: dependencies in R code
Result: NOTE
Namespace in Imports field not imported from: ‘dplyr’
All declared Imports should be used.
Flavors: r-devel-linux-x86_64-fedora-clang, r-devel-linux-x86_64-fedora-gcc