Last updated on 2025-05-05 01:50:46 CEST.
Flavor | Version | Tinstall | Tcheck | Ttotal | Status | Flags |
---|---|---|---|---|---|---|
r-devel-linux-x86_64-debian-clang | 1.0.0 | 1.48 | 17.48 | 18.96 | NOTE | |
r-devel-linux-x86_64-debian-gcc | 1.0.0 | 1.33 | 14.48 | 15.81 | NOTE | |
r-devel-linux-x86_64-fedora-clang | 1.0.0 | 30.31 | OK | |||
r-devel-linux-x86_64-fedora-gcc | 1.0.0 | 28.86 | OK | |||
r-devel-windows-x86_64 | 1.0.0 | 3.00 | 40.00 | 43.00 | OK | |
r-patched-linux-x86_64 | 1.0.0 | 1.57 | 16.70 | 18.27 | OK | |
r-release-linux-x86_64 | 1.0.0 | 1.39 | 17.27 | 18.66 | OK | |
r-release-macos-arm64 | 1.0.0 | 16.00 | OK | |||
r-release-macos-x86_64 | 1.0.0 | 23.00 | OK | |||
r-release-windows-x86_64 | 1.0.0 | 3.00 | 40.00 | 43.00 | OK | |
r-oldrel-macos-arm64 | 1.0.0 | 14.00 | OK | |||
r-oldrel-macos-x86_64 | 1.0.0 | 19.00 | OK | |||
r-oldrel-windows-x86_64 | 1.0.0 | 3.00 | 45.00 | 48.00 | OK |
Version: 1.0.0
Check: CRAN incoming feasibility
Result: NOTE
Maintainer: ‘Timothy Koscik <timothy-koscik@uiowa.edu>’
No Authors@R field in DESCRIPTION.
Please add one, modifying
Authors@R: c(person(given = c("Timothy", "R."),
family = "Koscik",
role = c("aut", "cre", "cph")),
person(given = "Timothy",
family = "Koscik",
role = "cre",
email = "timothy-koscik@uiowa.edu"))
as necessary.
Flavors: r-devel-linux-x86_64-debian-clang, r-devel-linux-x86_64-debian-gcc