Last updated on 2024-07-27 01:53:11 CEST.
Flavor | Version | Tinstall | Tcheck | Ttotal | Status | Flags |
---|---|---|---|---|---|---|
r-devel-linux-x86_64-debian-clang | 4032.96 | 85.10 | 170.14 | 255.24 | OK | |
r-devel-linux-x86_64-debian-gcc | 4032.96 | 64.38 | 122.72 | 187.10 | NOTE | |
r-devel-linux-x86_64-fedora-clang | 4032.96 | 315.56 | OK | |||
r-devel-linux-x86_64-fedora-gcc | 4032.96 | 279.57 | OK | |||
r-devel-windows-x86_64 | 4032.96 | 84.00 | 149.00 | 233.00 | NOTE | |
r-patched-linux-x86_64 | 4032.96 | OK | ||||
r-release-linux-x86_64 | 4032.96 | 70.86 | 158.07 | 228.93 | OK | |
r-release-macos-arm64 | 4032.96 | 89.00 | OK | |||
r-release-macos-x86_64 | 4032.96 | 156.00 | OK | |||
r-release-windows-x86_64 | 4032.96 | 75.00 | 147.00 | 222.00 | OK | |
r-oldrel-macos-arm64 | 4032.96 | 94.00 | OK | |||
r-oldrel-macos-x86_64 | 4032.96 | 276.00 | OK | |||
r-oldrel-windows-x86_64 | 4032.96 | 92.00 | 180.00 | 272.00 | OK |
Version: 4032.96
Check: Rd cross-references
Result: NOTE
Found the following Rd file(s) with Rd \link{} targets missing package
anchors:
stats-rowStats.Rd: colStats
Please provide package anchors for all Rd \link{} targets not in the
package itself and the base packages.
Flavors: r-devel-linux-x86_64-debian-gcc, r-devel-windows-x86_64