Last updated on 2025-11-20 02:49:15 CET.
| Flavor | Version | Tinstall | Tcheck | Ttotal | Status | Flags |
|---|---|---|---|---|---|---|
| r-devel-linux-x86_64-debian-clang | 3042.79 | 5.52 | 48.42 | 53.94 | NOTE | |
| r-devel-linux-x86_64-debian-gcc | 3042.79 | 3.73 | 35.39 | 39.12 | NOTE | |
| r-devel-linux-x86_64-fedora-clang | 3042.79 | 31.00 | 57.49 | 88.49 | OK | |
| r-devel-linux-x86_64-fedora-gcc | 3042.79 | 23.00 | 58.76 | 81.76 | OK | |
| r-devel-windows-x86_64 | 3042.79 | 8.00 | 58.00 | 66.00 | OK | |
| r-patched-linux-x86_64 | 3042.79 | 4.32 | 45.33 | 49.65 | OK | |
| r-release-linux-x86_64 | 3042.79 | 5.28 | 45.82 | 51.10 | OK | |
| r-release-macos-arm64 | 3042.79 | OK | ||||
| r-release-macos-x86_64 | 3042.79 | 4.00 | 39.00 | 43.00 | OK | |
| r-release-windows-x86_64 | 3042.79 | 6.00 | 58.00 | 64.00 | OK | |
| r-oldrel-macos-arm64 | 3042.79 | NOTE | ||||
| r-oldrel-macos-x86_64 | 3042.79 | 3.00 | 33.00 | 36.00 | NOTE | |
| r-oldrel-windows-x86_64 | 3042.79 | 8.00 | 70.00 | 78.00 | NOTE |
Version: 3042.79
Check: CRAN incoming feasibility
Result: NOTE
Maintainer: ‘Tobias Setz <tobias.setz@live.com>’
No Authors@R field in DESCRIPTION.
Please add one, modifying
Authors@R: c(person(given = "Diethelm",
family = "Wuertz",
role = "aut"),
person(given = "Tobias",
family = "Setz",
role = "cre",
email = "tobias.setz@live.com"),
person(given = "Yohan",
family = "Chalabi",
role = "ctb"))
as necessary.
Flavors: r-devel-linux-x86_64-debian-clang, r-devel-linux-x86_64-debian-gcc
Version: 3042.79
Check: LazyData
Result: NOTE
'LazyData' is specified without a 'data' directory
Flavors: r-oldrel-macos-arm64, r-oldrel-macos-x86_64, r-oldrel-windows-x86_64