CRAN Package Check Results for Package fTrading

Last updated on 2025-02-05 02:48:49 CET.

Flavor Version Tinstall Tcheck Ttotal Status Flags
r-devel-linux-x86_64-debian-clang 3042.79 4.27 45.23 49.50 OK
r-devel-linux-x86_64-debian-gcc 3042.79 3.50 33.44 36.94 OK
r-devel-linux-x86_64-fedora-clang 3042.79 84.98 OK
r-devel-linux-x86_64-fedora-gcc 3042.79 76.13 OK
r-devel-windows-x86_64 3042.79 6.00 60.00 66.00 OK
r-patched-linux-x86_64 3042.79 4.58 42.60 47.18 NOTE
r-release-linux-x86_64 3042.79 4.41 43.04 47.45 NOTE
r-release-macos-arm64 3042.79 26.00 NOTE
r-release-macos-x86_64 3042.79 36.00 NOTE
r-release-windows-x86_64 3042.79 6.00 59.00 65.00 NOTE
r-oldrel-macos-arm64 3042.79 27.00 NOTE
r-oldrel-macos-x86_64 3042.79 38.00 NOTE
r-oldrel-windows-x86_64 3042.79 7.00 69.00 76.00 NOTE

Check Details

Version: 3042.79
Check: LazyData
Result: NOTE 'LazyData' is specified without a 'data' directory Flavors: r-patched-linux-x86_64, r-release-linux-x86_64, r-release-macos-arm64, r-release-macos-x86_64, r-release-windows-x86_64, r-oldrel-macos-arm64, r-oldrel-macos-x86_64, r-oldrel-windows-x86_64