Last updated on 2025-10-09 02:51:42 CEST.
Flavor | Version | Tinstall | Tcheck | Ttotal | Status | Flags |
---|---|---|---|---|---|---|
r-devel-linux-x86_64-debian-clang | 0.1.0 | 9.60 | 137.82 | 147.42 | OK | |
r-devel-linux-x86_64-debian-gcc | 0.1.0 | 6.98 | 95.21 | 102.19 | OK | |
r-devel-linux-x86_64-fedora-clang | 0.1.0 | 234.24 | OK | |||
r-devel-linux-x86_64-fedora-gcc | 0.1.0 | 219.85 | OK | |||
r-devel-windows-x86_64 | 0.1.0 | 10.00 | 141.00 | 151.00 | OK | |
r-patched-linux-x86_64 | 0.1.0 | 8.99 | 129.08 | 138.07 | OK | |
r-release-linux-x86_64 | 0.1.0 | 9.13 | 130.16 | 139.29 | OK | |
r-release-macos-arm64 | 0.1.0 | 58.00 | OK | |||
r-release-macos-x86_64 | 0.1.0 | 122.00 | OK | |||
r-release-windows-x86_64 | 0.1.0 | 11.00 | 137.00 | 148.00 | OK | |
r-oldrel-macos-arm64 | 0.1.0 | 55.00 | NOTE | |||
r-oldrel-macos-x86_64 | 0.1.0 | 84.00 | NOTE | |||
r-oldrel-windows-x86_64 | 0.1.0 | 14.00 | 184.00 | 198.00 | NOTE |
Version: 0.1.0
Check: LazyData
Result: NOTE
'LazyData' is specified without a 'data' directory
Flavors: r-oldrel-macos-arm64, r-oldrel-macos-x86_64, r-oldrel-windows-x86_64