CRAN Package Check Results for Package factormodel

Last updated on 2025-05-28 01:49:44 CEST.

Flavor Version Tinstall Tcheck Ttotal Status Flags
r-devel-linux-x86_64-debian-clang 1.0 1.98 36.63 38.61 OK
r-devel-linux-x86_64-debian-gcc 1.0 1.68 28.29 29.97 OK
r-devel-linux-x86_64-fedora-clang 1.0 63.32 NOTE
r-devel-linux-x86_64-fedora-gcc 1.0 71.99 NOTE
r-devel-windows-x86_64 1.0 4.00 67.00 71.00 OK
r-patched-linux-x86_64 1.0 2.21 34.14 36.35 OK
r-release-linux-x86_64 1.0 1.36 33.87 35.23 OK
r-release-macos-arm64 1.0 44.00 OK
r-release-macos-x86_64 1.0 71.00 OK
r-release-windows-x86_64 1.0 3.00 63.00 66.00 OK
r-oldrel-macos-arm64 1.0 29.00 OK
r-oldrel-macos-x86_64 1.0 58.00 OK
r-oldrel-windows-x86_64 1.0 4.00 68.00 72.00 OK

Check Details

Version: 1.0
Check: dependencies in R code
Result: NOTE Namespace in Imports field not imported from: ‘dplyr’ All declared Imports should be used. Flavors: r-devel-linux-x86_64-fedora-clang, r-devel-linux-x86_64-fedora-gcc