Last updated on 2025-11-19 01:48:47 CET.
| Flavor | Version | Tinstall | Tcheck | Ttotal | Status | Flags |
|---|---|---|---|---|---|---|
| r-devel-linux-x86_64-debian-clang | 0.3.2 | 10.70 | 51.70 | 62.40 | OK | |
| r-devel-linux-x86_64-debian-gcc | 1.0.0 | 7.04 | 37.41 | 44.45 | OK | |
| r-devel-linux-x86_64-fedora-clang | 1.0.0 | 41.00 | 56.48 | 97.48 | OK | |
| r-devel-linux-x86_64-fedora-gcc | 1.0.0 | 46.00 | 46.81 | 92.81 | OK | |
| r-devel-windows-x86_64 | 0.3.2 | 13.00 | 73.00 | 86.00 | OK | |
| r-patched-linux-x86_64 | 0.3.2 | 11.16 | 46.99 | 58.15 | OK | |
| r-release-linux-x86_64 | 0.3.2 | 9.97 | 47.10 | 57.07 | OK | |
| r-release-macos-arm64 | 0.3.2 | 7.00 | 30.00 | 37.00 | OK | |
| r-release-macos-x86_64 | 1.0.0 | 21.00 | 80.00 | 101.00 | OK | |
| r-release-windows-x86_64 | 0.3.2 | 15.00 | 72.00 | 87.00 | OK | |
| r-oldrel-macos-arm64 | 0.3.2 | 7.00 | 38.00 | 45.00 | OK | |
| r-oldrel-macos-x86_64 | 1.0.0 | 21.00 | 81.00 | 102.00 | NOTE | |
| r-oldrel-windows-x86_64 | 0.3.2 | 18.00 | 83.00 | 101.00 | OK |
Version: 1.0.0
Check: package dependencies
Result: NOTE
Package suggested but not available for checking: ‘duckdb’
Flavor: r-oldrel-macos-x86_64