Last updated on 2024-07-27 01:53:11 CEST.
Flavor | Version | Tinstall | Tcheck | Ttotal | Status | Flags |
---|---|---|---|---|---|---|
r-devel-linux-x86_64-debian-clang | 1.2.4 | 16.55 | 134.44 | 150.99 | OK | |
r-devel-linux-x86_64-debian-gcc | 1.2.4 | 11.50 | 102.75 | 114.25 | NOTE | |
r-devel-linux-x86_64-fedora-clang | 1.2.4 | 106.96 | OK | |||
r-devel-linux-x86_64-fedora-gcc | 1.2.4 | 202.40 | OK | |||
r-devel-windows-x86_64 | 1.2.4 | 18.00 | 132.00 | 150.00 | NOTE | |
r-patched-linux-x86_64 | 1.2.4 | OK | ||||
r-release-linux-x86_64 | 1.2.4 | 10.13 | 130.85 | 140.98 | OK | |
r-release-macos-arm64 | 1.2.4 | 61.00 | OK | |||
r-release-macos-x86_64 | 1.2.4 | 101.00 | OK | |||
r-release-windows-x86_64 | 1.2.4 | 18.00 | 133.00 | 151.00 | OK | |
r-oldrel-macos-arm64 | 1.2.4 | 64.00 | OK | |||
r-oldrel-macos-x86_64 | 1.2.4 | 167.00 | OK | |||
r-oldrel-windows-x86_64 | 1.2.4 | 24.00 | 165.00 | 189.00 | OK |
Version: 1.2.4
Check: Rd cross-references
Result: NOTE
Found the following Rd file(s) with Rd \link{} targets missing package
anchors:
SSplot.Rd: rand
col.fastR.Rd: trellis.par.set, show.settings
maxLik2.Rd: maxLik
plot.maxLik2.Rd: maxLik
Please provide package anchors for all Rd \link{} targets not in the
package itself and the base packages.
Flavors: r-devel-linux-x86_64-debian-gcc, r-devel-windows-x86_64