Last updated on 2025-02-21 02:52:11 CET.
Flavor | Version | Tinstall | Tcheck | Ttotal | Status | Flags |
---|---|---|---|---|---|---|
r-devel-linux-x86_64-debian-clang | 0.2.7 | 21.22 | 27.60 | 48.82 | NOTE | |
r-devel-linux-x86_64-debian-gcc | 0.2.7 | 15.75 | 21.42 | 37.17 | NOTE | |
r-devel-linux-x86_64-fedora-clang | 0.2.7 | 91.40 | NOTE | |||
r-devel-linux-x86_64-fedora-gcc | 0.2.7 | 85.38 | NOTE | |||
r-devel-macos-arm64 | 0.2.7 | 28.00 | NOTE | |||
r-devel-macos-x86_64 | 0.2.7 | 44.00 | NOTE | |||
r-devel-windows-x86_64 | 0.2.7 | 27.00 | 73.00 | 100.00 | NOTE | |
r-patched-linux-x86_64 | 0.2.7 | 22.19 | 26.73 | 48.92 | NOTE | |
r-release-linux-x86_64 | 0.2.7 | 23.08 | 26.45 | 49.53 | NOTE | |
r-release-macos-arm64 | 0.2.7 | 28.00 | NOTE | |||
r-release-macos-x86_64 | 0.2.7 | 39.00 | NOTE | |||
r-release-windows-x86_64 | 0.2.7 | 28.00 | 74.00 | 102.00 | NOTE | |
r-oldrel-macos-arm64 | 0.2.7 | 33.00 | NOTE | |||
r-oldrel-macos-x86_64 | 0.2.7 | 49.00 | NOTE | |||
r-oldrel-windows-x86_64 | 0.2.7 | 32.00 | 102.00 | 134.00 | NOTE |
Version: 0.2.7
Check: C++ specification
Result: NOTE
Specified C++11: please drop specification unless essential
Flavors: r-devel-linux-x86_64-debian-clang, r-devel-linux-x86_64-debian-gcc, r-devel-linux-x86_64-fedora-clang, r-devel-linux-x86_64-fedora-gcc, r-devel-macos-arm64, r-devel-macos-x86_64, r-devel-windows-x86_64, r-patched-linux-x86_64, r-release-linux-x86_64, r-release-macos-arm64, r-release-macos-x86_64, r-release-windows-x86_64, r-oldrel-macos-arm64, r-oldrel-macos-x86_64, r-oldrel-windows-x86_64
Version: 0.2.7
Check: compiled code
Result: NOTE
File ‘fastcmh/libs/fastcmh.so’:
Found no calls to: ‘R_registerRoutines’, ‘R_useDynamicSymbols’
It is good practice to register native routines and to disable symbol
search.
See ‘Writing portable packages’ in the ‘Writing R Extensions’ manual.
Flavors: r-devel-linux-x86_64-fedora-clang, r-devel-linux-x86_64-fedora-gcc