Last updated on 2024-07-27 01:53:11 CEST.
Flavor | Version | Tinstall | Tcheck | Ttotal | Status | Flags |
---|---|---|---|---|---|---|
r-devel-linux-x86_64-debian-clang | 0.14.3 | 137.83 | 616.50 | 754.33 | OK | |
r-devel-linux-x86_64-debian-gcc | 0.14.3 | 112.02 | 437.76 | 549.78 | OK | |
r-devel-linux-x86_64-fedora-clang | 0.14.3 | 849.25 | NOTE | |||
r-devel-linux-x86_64-fedora-gcc | 0.14.3 | 845.96 | OK | |||
r-devel-windows-x86_64 | 0.14.3 | 119.00 | 400.00 | 519.00 | NOTE | |
r-patched-linux-x86_64 | 0.14.3 | OK | ||||
r-release-linux-x86_64 | 0.14.3 | 97.87 | 581.34 | 679.21 | OK | |
r-release-macos-arm64 | 0.14.3 | 224.00 | NOTE | |||
r-release-macos-x86_64 | 0.14.3 | 337.00 | NOTE | |||
r-release-windows-x86_64 | 0.14.3 | 138.00 | 376.00 | 514.00 | NOTE | |
r-oldrel-macos-arm64 | 0.14.3 | 224.00 | NOTE | |||
r-oldrel-macos-x86_64 | 0.14.3 | 371.00 | NOTE | |||
r-oldrel-windows-x86_64 | 0.14.3 | 145.00 | 486.00 | 631.00 | NOTE |
Version: 0.14.3
Check: installed package size
Result: NOTE
installed size is 13.7Mb
sub-directories of 1Mb or more:
doc 9.2Mb
help 1.8Mb
libs 1.4Mb
Flavors: r-devel-linux-x86_64-fedora-clang, r-devel-windows-x86_64, r-release-macos-arm64, r-release-macos-x86_64, r-release-windows-x86_64, r-oldrel-macos-arm64, r-oldrel-macos-x86_64, r-oldrel-windows-x86_64