CRAN Package Check Results for Package fastmit

Last updated on 2025-11-15 02:53:00 CET.

Flavor Version Tinstall Tcheck Ttotal Status Flags
r-devel-linux-x86_64-debian-clang 0.1.1 46.76 27.28 74.04 OK
r-devel-linux-x86_64-debian-gcc 0.1.1 26.40 22.18 48.58 OK
r-devel-linux-x86_64-fedora-clang 0.1.1 97.00 50.19 147.19 OK
r-devel-linux-x86_64-fedora-gcc 0.1.1 63.00 51.11 114.11 OK
r-devel-windows-x86_64 0.1.1 34.00 62.00 96.00 NOTE
r-patched-linux-x86_64 0.1.1 43.13 24.84 67.97 OK
r-release-linux-x86_64 0.1.1 45.27 24.31 69.58 OK
r-release-macos-arm64 0.1.1 17.00 19.00 36.00 OK
r-release-macos-x86_64 0.1.1 20.00 32.00 52.00 OK
r-release-windows-x86_64 0.1.1 29.00 61.00 90.00 NOTE
r-oldrel-macos-arm64 0.1.1 17.00 17.00 34.00 NOTE
r-oldrel-macos-x86_64 0.1.1 19.00 30.00 49.00 NOTE
r-oldrel-windows-x86_64 0.1.1 36.00 73.00 109.00 NOTE

Check Details

Version: 0.1.1
Check: C++ specification
Result: NOTE Specified C++11: please drop specification unless essential Flavors: r-devel-windows-x86_64, r-release-windows-x86_64, r-oldrel-windows-x86_64

Version: 0.1.1
Check: LazyData
Result: NOTE 'LazyData' is specified without a 'data' directory Flavors: r-oldrel-macos-arm64, r-oldrel-macos-x86_64, r-oldrel-windows-x86_64