Last updated on 2024-07-27 01:53:11 CEST.
Flavor | Version | Tinstall | Tcheck | Ttotal | Status | Flags |
---|---|---|---|---|---|---|
r-devel-linux-x86_64-debian-clang | 0.7 | 5.29 | 52.15 | 57.44 | OK | |
r-devel-linux-x86_64-debian-gcc | 0.7 | 3.55 | 40.13 | 43.68 | OK | |
r-devel-linux-x86_64-fedora-clang | 0.7 | 75.88 | NOTE | |||
r-devel-linux-x86_64-fedora-gcc | 0.7 | 82.16 | NOTE | |||
r-devel-windows-x86_64 | 0.7 | 7.00 | 60.00 | 67.00 | OK | |
r-patched-linux-x86_64 | 0.7 | OK | ||||
r-release-linux-x86_64 | 0.7 | 3.23 | 51.01 | 54.24 | OK | |
r-release-macos-arm64 | 0.7 | 30.00 | OK | |||
r-release-macos-x86_64 | 0.7 | 48.00 | OK | |||
r-release-windows-x86_64 | 0.7 | 6.00 | 67.00 | 73.00 | OK | |
r-oldrel-macos-arm64 | 0.7 | 32.00 | OK | |||
r-oldrel-macos-x86_64 | 0.7 | 46.00 | OK | |||
r-oldrel-windows-x86_64 | 0.7 | 7.00 | 65.00 | 72.00 | OK |
Version: 0.7
Check: dependencies in R code
Result: NOTE
Namespace in Imports field not imported from: ‘ggplot2’
All declared Imports should be used.
Flavors: r-devel-linux-x86_64-fedora-clang, r-devel-linux-x86_64-fedora-gcc