CRAN Package Check Results for Package fauxpas

Last updated on 2025-05-07 01:49:56 CEST.

Flavor Version Tinstall Tcheck Ttotal Status Flags
r-devel-linux-x86_64-debian-clang 0.5.2 58.95 46.16 105.11 NOTE
r-devel-linux-x86_64-debian-gcc 0.5.2 36.37 34.06 70.43 NOTE
r-devel-linux-x86_64-fedora-clang 0.5.2 172.51 NOTE
r-devel-linux-x86_64-fedora-gcc 0.5.2 181.16 NOTE
r-devel-windows-x86_64 0.5.2 49.00 62.00 111.00 NOTE
r-patched-linux-x86_64 0.5.2 59.57 43.76 103.33 NOTE
r-release-linux-x86_64 0.5.2 56.78 43.81 100.59 NOTE
r-release-macos-arm64 0.5.2 51.00 NOTE
r-release-macos-x86_64 0.5.2 122.00 NOTE
r-release-windows-x86_64 0.5.2 54.00 61.00 115.00 NOTE
r-oldrel-macos-arm64 0.5.2 51.00 NOTE
r-oldrel-macos-x86_64 0.5.2 76.00 NOTE
r-oldrel-windows-x86_64 0.5.2 56.00 71.00 127.00 NOTE

Check Details

Version: 0.5.2
Check: Rd files
Result: NOTE checkRd: (-1) Error-Classes.Rd:107-119: Lost braces 107 | \item \code{do_verbose(response, template)} { | ^ checkRd: (-1) Error.Rd:33-45: Lost braces 33 | \item \code{do(response, mssg)} { | ^ Flavors: r-devel-linux-x86_64-debian-clang, r-devel-linux-x86_64-debian-gcc, r-devel-linux-x86_64-fedora-clang, r-devel-linux-x86_64-fedora-gcc, r-devel-windows-x86_64, r-patched-linux-x86_64, r-release-linux-x86_64, r-release-macos-arm64, r-release-macos-x86_64, r-release-windows-x86_64, r-oldrel-macos-arm64, r-oldrel-macos-x86_64, r-oldrel-windows-x86_64