Last updated on 2025-10-25 01:50:59 CEST.
| Flavor | Version | Tinstall | Tcheck | Ttotal | Status | Flags |
|---|---|---|---|---|---|---|
| r-devel-linux-x86_64-debian-clang | 0.2.1 | 142.76 | 133.29 | 276.05 | OK | |
| r-devel-linux-x86_64-debian-gcc | 0.2.1 | 126.72 | 107.72 | 234.44 | OK | |
| r-devel-linux-x86_64-fedora-clang | 0.2.1 | 395.00 | 42.11 | 437.11 | OK | |
| r-devel-linux-x86_64-fedora-gcc | 0.2.1 | 386.00 | 120.51 | 506.51 | OK | |
| r-devel-windows-x86_64 | 0.2.1 | 161.00 | 160.00 | 321.00 | OK | |
| r-patched-linux-x86_64 | 0.2.1 | 164.21 | 139.74 | 303.95 | OK | |
| r-release-linux-x86_64 | 0.2.1 | 166.86 | 138.49 | 305.35 | OK | |
| r-release-macos-arm64 | 0.2.1 | 56.00 | 51.00 | 107.00 | OK | |
| r-release-macos-x86_64 | 0.2.1 | 131.00 | 99.00 | 230.00 | OK | |
| r-release-windows-x86_64 | 0.2.1 | 161.00 | 159.00 | 320.00 | OK | |
| r-oldrel-macos-arm64 | 0.2.1 | 65.00 | 64.00 | 129.00 | NOTE | |
| r-oldrel-macos-x86_64 | 0.2.1 | 145.00 | 110.00 | 255.00 | NOTE | |
| r-oldrel-windows-x86_64 | 0.2.1 | 183.00 | 207.00 | 390.00 | NOTE |
Version: 0.2.1
Check: installed package size
Result: NOTE
installed size is 53.3Mb
sub-directories of 1Mb or more:
libs 52.7Mb
Flavors: r-oldrel-macos-arm64, r-oldrel-macos-x86_64
Version: 0.2.1
Check: for GNU extensions in Makefiles
Result: NOTE
GNU make is a SystemRequirements.
Flavors: r-oldrel-macos-arm64, r-oldrel-macos-x86_64, r-oldrel-windows-x86_64