CRAN Package Check Results for Package fcros

Last updated on 2025-05-24 01:51:20 CEST.

Flavor Version Tinstall Tcheck Ttotal Status Flags
r-devel-linux-x86_64-debian-clang 1.6.1 4.18 51.00 55.18 NOTE
r-devel-linux-x86_64-debian-gcc 1.6.1 3.08 34.96 38.04 NOTE
r-devel-linux-x86_64-fedora-clang 1.6.1 79.54 NOTE
r-devel-linux-x86_64-fedora-gcc 1.6.1 78.78 NOTE
r-devel-windows-x86_64 1.6.1 8.00 87.00 95.00 OK
r-patched-linux-x86_64 1.6.1 4.59 46.30 50.89 NOTE
r-release-linux-x86_64 1.6.1 3.69 47.59 51.28 NOTE
r-release-macos-arm64 1.6.1 29.00 OK
r-release-macos-x86_64 1.6.1 67.00 OK
r-release-windows-x86_64 1.6.1 8.00 80.00 88.00 OK
r-oldrel-macos-arm64 1.6.1 27.00 OK
r-oldrel-macos-x86_64 1.6.1 46.00 OK
r-oldrel-windows-x86_64 1.6.1 7.00 71.00 78.00 OK

Check Details

Version: 1.6.1
Check: CRAN incoming feasibility
Result: NOTE Maintainer: ‘Doulaye Dembele <doulaye@igbmc.fr>’ No Authors@R field in DESCRIPTION. Please add one, modifying Authors@R: person(given = "Doulaye", family = "Dembele", role = c("aut", "cre"), email = "doulaye@igbmc.fr") as necessary. Flavors: r-devel-linux-x86_64-debian-clang, r-devel-linux-x86_64-debian-gcc

Version: 1.6.1
Check: for non-standard things in the check directory
Result: NOTE Found the following files/directories: ‘test2delete.txt’ ‘test2delete2_values.txt’ ‘test2delete_values.txt’ Flavors: r-devel-linux-x86_64-debian-clang, r-devel-linux-x86_64-debian-gcc, r-devel-linux-x86_64-fedora-clang, r-devel-linux-x86_64-fedora-gcc, r-patched-linux-x86_64, r-release-linux-x86_64