Last updated on 2025-11-15 03:50:10 CET.
| Flavor | Version | Tinstall | Tcheck | Ttotal | Status | Flags |
|---|---|---|---|---|---|---|
| r-devel-linux-x86_64-debian-clang | 6.3.0 | 23.77 | 212.58 | 236.35 | OK | |
| r-devel-linux-x86_64-debian-gcc | 6.3.0 | 15.45 | 146.16 | 161.61 | OK | |
| r-devel-linux-x86_64-fedora-clang | 6.3.0 | 58.00 | 333.20 | 391.20 | OK | |
| r-devel-linux-x86_64-fedora-gcc | 6.3.0 | 52.00 | 325.22 | 377.22 | OK | |
| r-devel-windows-x86_64 | 6.3.0 | 32.00 | 237.00 | 269.00 | OK | |
| r-patched-linux-x86_64 | 6.3.0 | 32.78 | 204.79 | 237.57 | OK | |
| r-release-linux-x86_64 | 6.3.0 | 25.77 | 206.63 | 232.40 | OK | |
| r-release-macos-arm64 | 6.3.0 | 13.00 | 96.00 | 109.00 | OK | |
| r-release-macos-x86_64 | 6.3.0 | 26.00 | 119.00 | 145.00 | NOTE | |
| r-release-windows-x86_64 | 6.3.0 | 30.00 | 238.00 | 268.00 | OK | |
| r-oldrel-macos-arm64 | 6.3.0 | 11.00 | 94.00 | 105.00 | OK | |
| r-oldrel-macos-x86_64 | 6.3.0 | 23.00 | 188.00 | 211.00 | OK | |
| r-oldrel-windows-x86_64 | 6.3.0 | 41.00 | 292.00 | 333.00 | OK |
Version: 6.3.0
Check: foreign function calls
Result: NOTE
Fatal error: cannot create 'R_TempDir'
See chapter ‘System and foreign language interfaces’ in the ‘Writing R
Extensions’ manual.
Flavor: r-release-macos-x86_64