Last updated on 2025-02-21 02:52:11 CET.
Flavor | Version | Tinstall | Tcheck | Ttotal | Status | Flags |
---|---|---|---|---|---|---|
r-devel-linux-x86_64-debian-clang | 1.0.0 | 1.94 | 33.28 | 35.22 | OK | |
r-devel-linux-x86_64-debian-gcc | 1.0.0 | 1.72 | 24.18 | 25.90 | OK | |
r-devel-linux-x86_64-fedora-clang | 1.0.0 | 55.83 | OK | |||
r-devel-linux-x86_64-fedora-gcc | 1.0.0 | 54.35 | OK | |||
r-devel-macos-arm64 | 1.0.0 | 25.00 | OK | |||
r-devel-macos-x86_64 | 1.0.0 | 48.00 | OK | |||
r-devel-windows-x86_64 | 1.0.0 | 4.00 | 64.00 | 68.00 | OK | |
r-patched-linux-x86_64 | 1.0.0 | 2.88 | 30.84 | 33.72 | OK | |
r-release-linux-x86_64 | 1.0.0 | 2.41 | 32.64 | 35.05 | OK | |
r-release-macos-arm64 | 1.0.0 | 21.00 | OK | |||
r-release-macos-x86_64 | 1.0.0 | 42.00 | OK | |||
r-release-windows-x86_64 | 1.0.0 | 4.00 | 59.00 | 63.00 | OK | |
r-oldrel-macos-arm64 | 1.0.0 | 22.00 | OK | |||
r-oldrel-macos-x86_64 | 1.0.0 | 30.00 | NOTE | |||
r-oldrel-windows-x86_64 | 1.0.0 | 4.00 | 95.00 | 99.00 | OK |
Version: 1.0.0
Check: package dependencies
Result: NOTE
Package suggested but not available for checking: ‘fields’
Flavor: r-oldrel-macos-x86_64