Last updated on 2024-07-27 01:53:11 CEST.
Flavor | Version | Tinstall | Tcheck | Ttotal | Status | Flags |
---|---|---|---|---|---|---|
r-devel-linux-x86_64-debian-clang | 0.1.2 | 17.17 | 58.43 | 75.60 | OK | |
r-devel-linux-x86_64-debian-gcc | 0.1.2 | 12.72 | 43.05 | 55.77 | NOTE | |
r-devel-linux-x86_64-fedora-clang | 0.1.2 | 125.20 | OK | |||
r-devel-linux-x86_64-fedora-gcc | 0.1.2 | 95.43 | OK | |||
r-devel-windows-x86_64 | 0.1.2 | 17.00 | 85.00 | 102.00 | NOTE | |
r-patched-linux-x86_64 | 0.1.2 | OK | ||||
r-release-linux-x86_64 | 0.1.2 | 11.54 | 53.78 | 65.32 | OK | |
r-release-macos-arm64 | 0.1.2 | 33.00 | OK | |||
r-release-macos-x86_64 | 0.1.2 | 43.00 | OK | |||
r-release-windows-x86_64 | 0.1.2 | 24.00 | 86.00 | 110.00 | OK | |
r-oldrel-macos-arm64 | 0.1.2 | 36.00 | OK | |||
r-oldrel-macos-x86_64 | 0.1.2 | 55.00 | OK | |||
r-oldrel-windows-x86_64 | 0.1.2 | 23.00 | 98.00 | 121.00 | OK |
Version: 0.1.2
Check: Rd cross-references
Result: NOTE
Found the following Rd file(s) with Rd \link{} targets missing package
anchors:
FPCAdens.Rd: FPCA
Please provide package anchors for all Rd \link{} targets not in the
package itself and the base packages.
Flavors: r-devel-linux-x86_64-debian-gcc, r-devel-windows-x86_64