CRAN Package Check Results for Package ferrn

Last updated on 2025-05-25 01:49:41 CEST.

Flavor Version Tinstall Tcheck Ttotal Status Flags
r-devel-linux-x86_64-debian-clang 0.1.0 7.26 74.67 81.93 NOTE
r-devel-linux-x86_64-debian-gcc 0.1.0 4.77 51.64 56.41 NOTE
r-devel-linux-x86_64-fedora-clang 0.1.0 129.12 NOTE
r-devel-linux-x86_64-fedora-gcc 0.1.0 120.36 NOTE
r-devel-windows-x86_64 0.1.0 12.00 88.00 100.00 NOTE
r-patched-linux-x86_64 0.1.0 8.81 69.14 77.95 NOTE
r-release-linux-x86_64 0.1.0 8.27 68.52 76.79 NOTE
r-release-macos-arm64 0.1.0 35.00 NOTE
r-release-macos-x86_64 0.1.0 69.00 NOTE
r-release-windows-x86_64 0.1.0 11.00 90.00 101.00 NOTE
r-oldrel-macos-arm64 0.1.0 37.00 OK
r-oldrel-macos-x86_64 0.1.0 91.00 OK
r-oldrel-windows-x86_64 0.1.0 14.00 109.00 123.00 OK

Check Details

Version: 0.1.0
Check: DESCRIPTION meta-information
Result: NOTE Missing dependency on R >= 4.1.0 because package code uses the pipe |> or function shorthand \(...) syntax added in R 4.1.0. File(s) using such syntax: ‘calc-squintability.R’ ‘get.R’ ‘pipe-sine-boa.Rd’ ‘plot-projection.R’ ‘projection.Rd’ Flavors: r-devel-linux-x86_64-debian-clang, r-devel-linux-x86_64-debian-gcc, r-devel-linux-x86_64-fedora-clang, r-devel-linux-x86_64-fedora-gcc, r-devel-windows-x86_64, r-patched-linux-x86_64, r-release-linux-x86_64, r-release-macos-arm64, r-release-windows-x86_64

Version: 0.1.0
Check: DESCRIPTION meta-information
Result: NOTE Missing dependency on R >= 4.1.0 because package code uses the pipe |> or function shorthand \(...) syntax added in R 4.1.0. File(s) using such syntax: ‘calc-squintability.R’ ‘get.R’ ‘plot-projection.R’ Flavor: r-release-macos-x86_64