Last updated on 2024-07-27 01:53:11 CEST.
Flavor | Version | Tinstall | Tcheck | Ttotal | Status | Flags |
---|---|---|---|---|---|---|
r-devel-linux-x86_64-debian-clang | 4.0.12 | 43.62 | 126.28 | 169.90 | OK | |
r-devel-linux-x86_64-debian-gcc | 4.0.12 | 39.13 | 91.18 | 130.31 | NOTE | |
r-devel-linux-x86_64-fedora-clang | 4.0.12 | 224.31 | OK | |||
r-devel-linux-x86_64-fedora-gcc | 4.0.12 | 224.83 | OK | |||
r-devel-windows-x86_64 | 4.0.12 | 54.00 | 124.00 | 178.00 | NOTE | |
r-patched-linux-x86_64 | 4.0.12 | OK | ||||
r-release-linux-x86_64 | 4.0.12 | 47.80 | 115.12 | 162.92 | OK | |
r-release-macos-arm64 | 4.0.12 | 58.00 | OK | |||
r-release-macos-x86_64 | 4.0.12 | 158.00 | OK | |||
r-release-windows-x86_64 | 4.0.12 | 53.00 | 124.00 | 177.00 | OK | |
r-oldrel-macos-arm64 | 4.0.12 | 67.00 | OK | |||
r-oldrel-macos-x86_64 | 4.0.12 | 166.00 | OK | |||
r-oldrel-windows-x86_64 | 4.0.12 | 55.00 | 164.00 | 219.00 | OK |
Version: 4.0.12
Check: Rd cross-references
Result: NOTE
Found the following Rd file(s) with Rd \link{} targets missing package
anchors:
CFUN.rd: na.count
Extract.ff.rd: maxindex
Extract.ffdf.rd: virtual, physical
LimWarn.rd: maxindex
as.ff.bit.rd: bit
as.ff.rd: clone
as.hi.rd: rlepack
chunk.ffdf.rd: chunk, ri
clone.ffdf.rd: clone
ff.rd: clone, bit, is.sorted, na.count
ffapply.rd: bbatch, repfromto
ffdfsort.rd: ramsort, ramorder
ffindexorder.rd: bbatch
fforder.rd: ramorder, na.count
ffsort.rd: is.sorted, na.count, ramsort
getset.ff.rd: na.count
hi.rd: rlepack, intrle, maxindex, poslength
is.sorted.rd: intisasc, clone, na.count
length.ff.rd: na.count, is.sorted
length.hi.rd: poslength, maxindex
maxlength.rd: maxindex
na.count.rd: is.sorted
physical.ff.rd: physical, is.sorted, na.count
ramorder.default.rd: ramsort
ramsort.default.rd: ramorder
readwrite.ff.rd: na.count
regtest.fforder.rd: ramsort
repnam.rd: repfromto
update.ff.rd: clone
vt.rd: clone
Please provide package anchors for all Rd \link{} targets not in the
package itself and the base packages.
Flavors: r-devel-linux-x86_64-debian-gcc, r-devel-windows-x86_64