Last updated on 2025-11-13 02:52:19 CET.
| Flavor | Version | Tinstall | Tcheck | Ttotal | Status | Flags |
|---|---|---|---|---|---|---|
| r-devel-linux-x86_64-debian-clang | 0.9.1 | 14.47 | 112.56 | 127.03 | OK | |
| r-devel-linux-x86_64-debian-gcc | 0.9.1 | 10.14 | 83.51 | 93.65 | OK | |
| r-devel-linux-x86_64-fedora-clang | 0.9.1 | 66.00 | 139.59 | 205.59 | OK | |
| r-devel-linux-x86_64-fedora-gcc | 0.9.1 | 26.00 | 158.36 | 184.36 | OK | |
| r-devel-windows-x86_64 | 0.9.1 | 15.00 | 110.00 | 125.00 | OK | |
| r-patched-linux-x86_64 | 0.9.1 | 13.70 | 106.94 | 120.64 | OK | |
| r-release-linux-x86_64 | 0.9.1 | 13.94 | 106.31 | 120.25 | OK | |
| r-release-macos-arm64 | 0.9.1 | 5.00 | 44.00 | 49.00 | OK | |
| r-release-macos-x86_64 | 0.9.1 | 17.00 | 98.00 | 115.00 | OK | |
| r-release-windows-x86_64 | 0.9.1 | 16.00 | 111.00 | 127.00 | OK | |
| r-oldrel-macos-arm64 | 0.9.1 | 4.00 | 48.00 | 52.00 | OK | |
| r-oldrel-macos-x86_64 | 0.9.1 | 9.00 | 67.00 | 76.00 | NOTE | |
| r-oldrel-windows-x86_64 | 0.9.1 | 21.00 | 140.00 | 161.00 | OK |
Version: 0.9.1
Check: package dependencies
Result: NOTE
Package suggested but not available for checking: ‘TreeSummarizedExperiment’
Flavor: r-oldrel-macos-x86_64