CRAN Package Check Results for Package files

Last updated on 2025-05-08 01:51:02 CEST.

Flavor Version Tinstall Tcheck Ttotal Status Flags
r-devel-linux-x86_64-debian-clang 0.0.1 1.60 16.33 17.93 OK
r-devel-linux-x86_64-debian-gcc 0.0.1 1.26 13.78 15.04 OK
r-devel-linux-x86_64-fedora-clang 0.0.1 28.24 OK
r-devel-linux-x86_64-fedora-gcc 0.0.1 27.13 OK
r-devel-windows-x86_64 0.0.1 3.00 35.00 38.00 OK
r-patched-linux-x86_64 0.0.1 1.60 15.69 17.29 OK
r-release-linux-x86_64 0.0.1 1.58 15.67 17.25 OK
r-release-macos-arm64 0.0.1 14.00 OK
r-release-macos-x86_64 0.0.1 21.00 OK
r-release-windows-x86_64 0.0.1 2.00 42.00 44.00 OK
r-oldrel-macos-arm64 0.0.1 14.00 NOTE
r-oldrel-macos-x86_64 0.0.1 19.00 NOTE
r-oldrel-windows-x86_64 0.0.1 2.00 35.00 37.00 NOTE

Check Details

Version: 0.0.1
Check: LazyData
Result: NOTE 'LazyData' is specified without a 'data' directory Flavors: r-oldrel-macos-arm64, r-oldrel-macos-x86_64, r-oldrel-windows-x86_64