Last updated on 2024-07-27 01:53:11 CEST.
Flavor | Version | Tinstall | Tcheck | Ttotal | Status | Flags |
---|---|---|---|---|---|---|
r-devel-linux-x86_64-debian-clang | 0.3.4 | 2.57 | 43.34 | 45.91 | NOTE | |
r-devel-linux-x86_64-debian-gcc | 0.3.4 | 2.24 | 32.62 | 34.86 | NOTE | |
r-devel-linux-x86_64-fedora-clang | 0.3.4 | 61.67 | NOTE | |||
r-devel-linux-x86_64-fedora-gcc | 0.3.4 | 70.11 | NOTE | |||
r-devel-windows-x86_64 | 0.3.4 | 3.00 | 56.00 | 59.00 | NOTE | |
r-patched-linux-x86_64 | 0.3.4 | NOTE | ||||
r-release-linux-x86_64 | 0.3.4 | 2.55 | 41.15 | 43.70 | NOTE | |
r-release-macos-arm64 | 0.3.4 | 29.00 | NOTE | |||
r-release-macos-x86_64 | 0.3.4 | 50.00 | NOTE | |||
r-release-windows-x86_64 | 0.3.4 | 4.00 | 57.00 | 61.00 | NOTE | |
r-oldrel-macos-arm64 | 0.3.4 | 29.00 | NOTE | |||
r-oldrel-macos-x86_64 | 0.3.4 | 47.00 | NOTE | |||
r-oldrel-windows-x86_64 | 0.3.4 | 4.00 | 59.00 | 63.00 | NOTE |
Version: 0.3.4
Check: LazyData
Result: NOTE
'LazyData' is specified without a 'data' directory
Flavors: r-devel-linux-x86_64-debian-clang, r-devel-linux-x86_64-debian-gcc, r-devel-linux-x86_64-fedora-clang, r-devel-linux-x86_64-fedora-gcc, r-devel-windows-x86_64, r-patched-linux-x86_64, r-release-linux-x86_64, r-release-macos-arm64, r-release-macos-x86_64, r-release-windows-x86_64, r-oldrel-macos-arm64, r-oldrel-macos-x86_64, r-oldrel-windows-x86_64