Last updated on 2025-02-10 01:48:21 CET.
Flavor | Version | Tinstall | Tcheck | Ttotal | Status | Flags |
---|---|---|---|---|---|---|
r-devel-linux-x86_64-debian-clang | 0.1.1 | 11.20 | 279.36 | 290.56 | NOTE | |
r-devel-linux-x86_64-debian-gcc | 0.1.1 | 8.64 | 164.45 | 173.09 | NOTE | |
r-devel-linux-x86_64-fedora-clang | 0.1.1 | 485.66 | OK | |||
r-devel-linux-x86_64-fedora-gcc | 0.1.1 | 464.97 | OK | |||
r-devel-windows-x86_64 | 0.1.1 | 14.00 | 292.00 | 306.00 | NOTE | |
r-patched-linux-x86_64 | 0.1.1 | 16.54 | 261.70 | 278.24 | OK | |
r-release-linux-x86_64 | 0.1.1 | 10.57 | 256.61 | 267.18 | OK | |
r-release-macos-arm64 | 0.1.1 | 121.00 | OK | |||
r-release-macos-x86_64 | 0.1.1 | 433.00 | OK | |||
r-release-windows-x86_64 | 0.1.1 | 13.00 | 296.00 | 309.00 | OK | |
r-oldrel-macos-arm64 | 0.1.1 | 125.00 | OK | |||
r-oldrel-macos-x86_64 | 0.1.1 | 248.00 | OK | |||
r-oldrel-windows-x86_64 | 0.1.1 | 18.00 | 387.00 | 405.00 | OK |
Version: 0.1.1
Check: Rd cross-references
Result: NOTE
Found the following Rd file(s) with Rd \link{} targets missing package
anchors:
fitode-class.Rd: mle2-class
fitode.Rd: ode, ginv, mle2
fitodeMCMC.Rd: ode
logLik.sensitivity.Rd: ode
ode.sensitivity.Rd: ode
summary-fitodeMCMC-method.Rd: effectiveSize, gelman.diag
Please provide package anchors for all Rd \link{} targets not in the
package itself and the base packages.
Flavors: r-devel-linux-x86_64-debian-clang, r-devel-linux-x86_64-debian-gcc, r-devel-windows-x86_64