CRAN Package Check Results for Package fizzbuzzR

Last updated on 2025-05-24 01:51:21 CEST.

Flavor Version Tinstall Tcheck Ttotal Status Flags
r-devel-linux-x86_64-debian-clang 0.1.1 1.40 16.56 17.96 OK
r-devel-linux-x86_64-debian-gcc 0.1.1 1.22 13.86 15.08 OK
r-devel-linux-x86_64-fedora-clang 0.1.1 28.58 OK
r-devel-linux-x86_64-fedora-gcc 0.1.1 26.78 OK
r-devel-windows-x86_64 0.1.1 3.00 47.00 50.00 OK
r-patched-linux-x86_64 0.1.1 1.65 16.09 17.74 OK
r-release-linux-x86_64 0.1.1 1.53 16.02 17.55 OK
r-release-macos-arm64 0.1.1 16.00 OK
r-release-macos-x86_64 0.1.1 21.00 OK
r-release-windows-x86_64 0.1.1 3.00 43.00 46.00 OK
r-oldrel-macos-arm64 0.1.1 15.00 NOTE
r-oldrel-macos-x86_64 0.1.1 19.00 NOTE
r-oldrel-windows-x86_64 0.1.1 3.00 39.00 42.00 NOTE

Check Details

Version: 0.1.1
Check: LazyData
Result: NOTE 'LazyData' is specified without a 'data' directory Flavors: r-oldrel-macos-arm64, r-oldrel-macos-x86_64, r-oldrel-windows-x86_64