Last updated on 2025-11-15 02:53:00 CET.
| Flavor | Version | Tinstall | Tcheck | Ttotal | Status | Flags |
|---|---|---|---|---|---|---|
| r-devel-linux-x86_64-debian-clang | 1.0 | 58.35 | 63.95 | 122.30 | OK | |
| r-devel-linux-x86_64-debian-gcc | 1.0 | 46.89 | 43.03 | 89.92 | OK | |
| r-devel-linux-x86_64-fedora-clang | 1.0 | 198.00 | 43.19 | 241.19 | OK | |
| r-devel-linux-x86_64-fedora-gcc | 1.0 | 124.00 | 93.04 | 217.04 | OK | |
| r-devel-windows-x86_64 | 1.0 | 75.00 | 92.00 | 167.00 | OK | |
| r-patched-linux-x86_64 | 1.0 | 64.18 | 58.71 | 122.89 | OK | |
| r-release-linux-x86_64 | 1.0 | 68.49 | 58.07 | 126.56 | OK | |
| r-release-macos-arm64 | 1.0 | 26.00 | 33.00 | 59.00 | OK | |
| r-release-macos-x86_64 | 1.0 | 36.00 | 68.00 | 104.00 | OK | |
| r-release-windows-x86_64 | 1.0 | 66.00 | 102.00 | 168.00 | OK | |
| r-oldrel-macos-arm64 | 1.0 | 27.00 | 32.00 | 59.00 | NOTE | |
| r-oldrel-macos-x86_64 | 1.0 | 53.00 | 102.00 | 155.00 | NOTE | |
| r-oldrel-windows-x86_64 | 1.0 | 86.00 | 115.00 | 201.00 | OK |
Version: 1.0
Check: installed package size
Result: NOTE
installed size is 7.8Mb
sub-directories of 1Mb or more:
libs 7.5Mb
Flavors: r-oldrel-macos-arm64, r-oldrel-macos-x86_64