CRAN Package Check Results for Package flap

Last updated on 2025-11-16 01:49:15 CET.

Flavor Version Tinstall Tcheck Ttotal Status Flags
r-devel-linux-x86_64-debian-clang 0.2.0 1.62 22.61 24.23 NOTE
r-devel-linux-x86_64-debian-gcc 0.2.0 1.41 19.09 20.50 NOTE
r-devel-linux-x86_64-fedora-clang 0.2.0 35.62 NOTE
r-devel-linux-x86_64-fedora-gcc 0.2.0 33.18 NOTE
r-devel-windows-x86_64 0.2.0 4.00 38.00 42.00 NOTE
r-patched-linux-x86_64 0.2.0 1.64 20.09 21.73 NOTE
r-release-linux-x86_64 0.2.0 1.56 20.10 21.66 NOTE
r-release-macos-arm64 0.2.0 1.00 16.00 17.00 NOTE
r-release-macos-x86_64 0.2.0 1.00 24.00 25.00 NOTE
r-release-windows-x86_64 0.2.0 4.00 38.00 42.00 NOTE
r-oldrel-macos-arm64 0.2.0 1.00 18.00 19.00 OK
r-oldrel-macos-x86_64 0.2.0 2.00 31.00 33.00 OK
r-oldrel-windows-x86_64 0.2.0 3.00 45.00 48.00 OK

Check Details

Version: 0.2.0
Check: DESCRIPTION meta-information
Result: NOTE Missing dependency on R >= 4.1.0 because package code uses the pipe |> or function shorthand \(...) syntax added in R 4.1.0. File(s) using such syntax: ‘projection.R’ Flavors: r-devel-linux-x86_64-debian-clang, r-devel-linux-x86_64-debian-gcc, r-devel-linux-x86_64-fedora-clang, r-devel-linux-x86_64-fedora-gcc, r-devel-windows-x86_64, r-patched-linux-x86_64, r-release-linux-x86_64, r-release-macos-arm64, r-release-macos-x86_64, r-release-windows-x86_64

Version: 0.2.0
Check: CRAN incoming feasibility
Result: NOTE Maintainer: ‘Yangzhuoran Fin Yang <yangyangzhuoran@gmail.com>’ The BugReports field in DESCRIPTION has https://github.com/FinYang/flap/issues/ which should likely be https://github.com/FinYang/flap/issues/issues instead. Flavor: r-devel-linux-x86_64-debian-gcc