Last updated on 2025-11-16 01:49:15 CET.
| Flavor | Version | Tinstall | Tcheck | Ttotal | Status | Flags |
|---|---|---|---|---|---|---|
| r-devel-linux-x86_64-debian-clang | 0.1.1 | 2.52 | 39.86 | 42.38 | OK | |
| r-devel-linux-x86_64-debian-gcc | 0.1.1 | 1.88 | 28.46 | 30.34 | OK | |
| r-devel-linux-x86_64-fedora-clang | 0.1.1 | 12.00 | 54.08 | 66.08 | NOTE | |
| r-devel-linux-x86_64-fedora-gcc | 0.1.1 | 59.79 | NOTE | |||
| r-devel-windows-x86_64 | 0.1.1 | 5.00 | 64.00 | 69.00 | OK | |
| r-patched-linux-x86_64 | 0.1.1 | 3.13 | 37.37 | 40.50 | OK | |
| r-release-linux-x86_64 | 0.1.1 | 2.10 | 37.35 | 39.45 | OK | |
| r-release-macos-arm64 | 0.1.1 | 1.00 | 22.00 | 23.00 | OK | |
| r-release-macos-x86_64 | 0.1.1 | 2.00 | 40.00 | 42.00 | OK | |
| r-release-windows-x86_64 | 0.1.1 | 4.00 | 61.00 | 65.00 | OK | |
| r-oldrel-macos-arm64 | 0.1.1 | 1.00 | 20.00 | 21.00 | NOTE | |
| r-oldrel-macos-x86_64 | 0.1.1 | 2.00 | 30.00 | 32.00 | NOTE | |
| r-oldrel-windows-x86_64 | 0.1.1 | 5.00 | 71.00 | 76.00 | NOTE |
Version: 0.1.1
Check: dependencies in R code
Result: NOTE
Namespace in Imports field not imported from: ‘RCurl’
All declared Imports should be used.
Flavors: r-devel-linux-x86_64-fedora-clang, r-devel-linux-x86_64-fedora-gcc
Version: 0.1.1
Check: LazyData
Result: NOTE
'LazyData' is specified without a 'data' directory
Flavors: r-oldrel-macos-arm64, r-oldrel-macos-x86_64, r-oldrel-windows-x86_64