Last updated on 2024-07-27 01:53:11 CEST.
Flavor | Version | Tinstall | Tcheck | Ttotal | Status | Flags |
---|---|---|---|---|---|---|
r-devel-linux-x86_64-debian-clang | 2.3 | 65.75 | 511.48 | 577.23 | OK | |
r-devel-linux-x86_64-debian-gcc | 2.3 | 45.52 | 384.65 | 430.17 | NOTE | |
r-devel-linux-x86_64-fedora-clang | 2.3 | 756.48 | OK | |||
r-devel-linux-x86_64-fedora-gcc | 2.3 | 767.45 | OK | |||
r-devel-windows-x86_64 | 2.3 | 58.00 | 451.00 | 509.00 | NOTE | |
r-patched-linux-x86_64 | 2.3 | OK | ||||
r-release-linux-x86_64 | 2.3 | 53.69 | 485.46 | 539.15 | OK | |
r-release-macos-arm64 | 2.3 | 199.00 | OK | |||
r-release-macos-x86_64 | 2.3 | 327.00 | OK | |||
r-release-windows-x86_64 | 2.3 | 71.00 | 445.00 | 516.00 | OK | |
r-oldrel-macos-arm64 | 2.3 | 205.00 | OK | |||
r-oldrel-macos-x86_64 | 2.3 | 502.00 | OK | |||
r-oldrel-windows-x86_64 | 2.3 | 68.00 | 540.00 | 608.00 | OK |
Version: 2.3
Check: Rd cross-references
Result: NOTE
Found the following Rd file(s) with Rd \link{} targets missing package
anchors:
augment.flexsurvreg.Rd: tibble, Surv
flexsurvmix.Rd: Surv, survreg
flexsurvreg.Rd: Surv, survreg
flexsurvrtrunc.Rd: survreg
flexsurvspline.Rd: Surv
glance.flexsurvreg.Rd: tibble
msfit.flexsurvreg.Rd: coxph
plot.flexsurvreg.Rd: plot.survfit
plot_survtrunc.Rd: plot.survfit, lines.survfit
pmatrix.fs.Rd: ode, deSolve
predict.flexsurvreg.Rd: tibble
tidy.flexsurvreg.Rd: tibble
totlos.fs.Rd: ode, deSolve
Please provide package anchors for all Rd \link{} targets not in the
package itself and the base packages.
Flavors: r-devel-linux-x86_64-debian-gcc, r-devel-windows-x86_64