Last updated on 2024-07-27 01:53:11 CEST.
Flavor | Version | Tinstall | Tcheck | Ttotal | Status | Flags |
---|---|---|---|---|---|---|
r-devel-linux-x86_64-debian-clang | 0.3.3 | 25.99 | 131.80 | 157.79 | OK | |
r-devel-linux-x86_64-debian-gcc | 0.3.3 | 18.75 | 101.24 | 119.99 | OK | |
r-devel-linux-x86_64-fedora-clang | 0.3.3 | 234.36 | NOTE | |||
r-devel-linux-x86_64-fedora-gcc | 0.3.3 | 209.57 | OK | |||
r-devel-windows-x86_64 | 0.3.3 | 26.00 | 114.00 | 140.00 | NOTE | |
r-patched-linux-x86_64 | 0.3.3 | OK | ||||
r-release-linux-x86_64 | 0.3.3 | 22.54 | 124.61 | 147.15 | OK | |
r-release-macos-arm64 | 0.3.3 | 52.00 | NOTE | |||
r-release-macos-x86_64 | 0.3.3 | 87.00 | NOTE | |||
r-release-windows-x86_64 | 0.3.3 | 34.00 | 115.00 | 149.00 | NOTE | |
r-oldrel-macos-arm64 | 0.3.3 | 60.00 | NOTE | |||
r-oldrel-macos-x86_64 | 0.3.3 | 125.00 | NOTE | |||
r-oldrel-windows-x86_64 | 0.3.3 | 34.00 | 138.00 | 172.00 | NOTE |
Version: 0.3.3
Check: installed package size
Result: NOTE
installed size is 9.9Mb
sub-directories of 1Mb or more:
doc 9.1Mb
Flavors: r-devel-linux-x86_64-fedora-clang, r-devel-windows-x86_64, r-release-macos-arm64, r-release-macos-x86_64, r-release-windows-x86_64, r-oldrel-macos-arm64, r-oldrel-macos-x86_64, r-oldrel-windows-x86_64