Last updated on 2025-05-05 01:50:47 CEST.
Flavor | Version | Tinstall | Tcheck | Ttotal | Status | Flags |
---|---|---|---|---|---|---|
r-devel-linux-x86_64-debian-clang | 0.1.2 | 23.56 | 348.83 | 372.39 | OK | |
r-devel-linux-x86_64-debian-gcc | 0.1.2 | 17.80 | 243.38 | 261.18 | OK | |
r-devel-linux-x86_64-fedora-clang | 0.1.2 | 669.88 | OK | |||
r-devel-linux-x86_64-fedora-gcc | 0.1.2 | 735.38 | OK | |||
r-devel-windows-x86_64 | 0.1.2 | 26.00 | 484.00 | 510.00 | OK | |
r-patched-linux-x86_64 | 0.1.2 | 24.38 | 336.21 | 360.59 | OK | |
r-release-linux-x86_64 | 0.1.2 | 25.39 | 341.50 | 366.89 | OK | |
r-release-macos-arm64 | 0.1.2 | 81.00 | OK | |||
r-release-macos-x86_64 | 0.1.2 | 175.00 | OK | |||
r-release-windows-x86_64 | 0.1.2 | 27.00 | 475.00 | 502.00 | OK | |
r-oldrel-macos-arm64 | 0.1.2 | 241.00 | NOTE | |||
r-oldrel-macos-x86_64 | 0.1.2 | 325.00 | NOTE | |||
r-oldrel-windows-x86_64 | 0.1.2 | 25.00 | 566.00 | 591.00 | OK |
Version: 0.1.2
Check: installed package size
Result: NOTE
installed size is 8.2Mb
sub-directories of 1Mb or more:
libs 7.3Mb
Flavors: r-oldrel-macos-arm64, r-oldrel-macos-x86_64