Last updated on 2024-07-27 01:53:11 CEST.
Flavor | Version | Tinstall | Tcheck | Ttotal | Status | Flags |
---|---|---|---|---|---|---|
r-devel-linux-x86_64-debian-clang | 0.2.1 | 2.10 | 26.96 | 29.06 | NOTE | |
r-devel-linux-x86_64-debian-gcc | 0.2.1 | 1.73 | 20.56 | 22.29 | NOTE | |
r-devel-linux-x86_64-fedora-clang | 0.2.1 | 37.31 | NOTE | |||
r-devel-linux-x86_64-fedora-gcc | 0.2.1 | 34.42 | NOTE | |||
r-devel-windows-x86_64 | 0.2.1 | 3.00 | 43.00 | 46.00 | NOTE | |
r-patched-linux-x86_64 | 0.2.1 | NOTE | ||||
r-release-linux-x86_64 | 0.2.1 | 2.73 | 25.79 | 28.52 | NOTE | |
r-release-macos-arm64 | 0.2.1 | 17.00 | NOTE | |||
r-release-macos-x86_64 | 0.2.1 | 26.00 | NOTE | |||
r-release-windows-x86_64 | 0.2.1 | 4.00 | 43.00 | 47.00 | NOTE | |
r-oldrel-macos-arm64 | 0.2.1 | 17.00 | NOTE | |||
r-oldrel-macos-x86_64 | 0.2.1 | 23.00 | NOTE | |||
r-oldrel-windows-x86_64 | 0.2.1 | 4.00 | 45.00 | 49.00 | NOTE |
Version: 0.2.1
Check: LazyData
Result: NOTE
'LazyData' is specified without a 'data' directory
Flavors: r-devel-linux-x86_64-debian-clang, r-devel-linux-x86_64-debian-gcc, r-devel-linux-x86_64-fedora-clang, r-devel-linux-x86_64-fedora-gcc, r-devel-windows-x86_64, r-patched-linux-x86_64, r-release-linux-x86_64, r-release-macos-arm64, r-release-macos-x86_64, r-release-windows-x86_64, r-oldrel-macos-arm64, r-oldrel-macos-x86_64, r-oldrel-windows-x86_64