Last updated on 2025-05-24 01:51:21 CEST.
Flavor | Version | Tinstall | Tcheck | Ttotal | Status | Flags |
---|---|---|---|---|---|---|
r-devel-linux-x86_64-debian-clang | 8.24.0 | 92.33 | 324.02 | 416.35 | OK | |
r-devel-linux-x86_64-debian-gcc | 8.24.0 | 60.02 | 206.81 | 266.83 | OK | |
r-devel-linux-x86_64-fedora-clang | 8.24.0 | 372.37 | OK | |||
r-devel-linux-x86_64-fedora-gcc | 8.24.0 | 382.61 | OK | |||
r-devel-windows-x86_64 | 8.24.0 | 103.00 | 360.00 | 463.00 | OK | |
r-patched-linux-x86_64 | 8.24.0 | 88.46 | 302.67 | 391.13 | OK | |
r-release-linux-x86_64 | 8.24.0 | 85.94 | 303.03 | 388.97 | OK | |
r-release-macos-arm64 | 8.24.0 | 165.00 | OK | |||
r-release-macos-x86_64 | 8.24.0 | 445.00 | OK | |||
r-release-windows-x86_64 | 8.24.0 | 104.00 | 363.00 | 467.00 | OK | |
r-oldrel-macos-arm64 | 8.24.0 | 165.00 | NOTE | |||
r-oldrel-macos-x86_64 | 8.24.0 | 421.00 | NOTE | |||
r-oldrel-windows-x86_64 | 8.24.0 | 127.00 | 452.00 | 579.00 | OK |
Version: 8.24.0
Check: installed package size
Result: NOTE
installed size is 5.1Mb
sub-directories of 1Mb or more:
libs 3.5Mb
Flavors: r-oldrel-macos-arm64, r-oldrel-macos-x86_64