Last updated on 2025-11-02 02:50:45 CET.
| Flavor | Version | Tinstall | Tcheck | Ttotal | Status | Flags |
|---|---|---|---|---|---|---|
| r-devel-linux-x86_64-debian-clang | 1.0.0 | 6.66 | 53.65 | 60.31 | OK | |
| r-devel-linux-x86_64-debian-gcc | 1.0.0 | 4.52 | 40.45 | 44.97 | OK | |
| r-devel-linux-x86_64-fedora-clang | 1.0.0 | 35.00 | 62.79 | 97.79 | NOTE | |
| r-devel-linux-x86_64-fedora-gcc | 1.0.0 | 16.00 | 71.97 | 87.97 | NOTE | |
| r-devel-windows-x86_64 | 1.0.0 | 7.00 | 64.00 | 71.00 | OK | |
| r-patched-linux-x86_64 | 1.0.0 | 6.17 | 49.83 | 56.00 | OK | |
| r-release-linux-x86_64 | 1.0.0 | 6.38 | 50.60 | 56.98 | OK | |
| r-release-macos-arm64 | 1.0.0 | 2.00 | 23.00 | 25.00 | OK | |
| r-release-macos-x86_64 | 1.0.0 | 5.00 | 40.00 | 45.00 | OK | |
| r-release-windows-x86_64 | 1.0.0 | 9.00 | 64.00 | 73.00 | OK | |
| r-oldrel-macos-arm64 | 1.0.0 | 3.00 | 22.00 | 25.00 | OK | |
| r-oldrel-macos-x86_64 | 1.0.0 | 5.00 | 33.00 | 38.00 | OK | |
| r-oldrel-windows-x86_64 | 1.0.0 | 11.00 | 80.00 | 91.00 | OK |
Version: 1.0.0
Check: dependencies in R code
Result: NOTE
Namespaces in Imports field not imported from:
‘dplyr’ ‘forrel’ ‘pedtools’ ‘plotly’
All declared Imports should be used.
Flavors: r-devel-linux-x86_64-fedora-clang, r-devel-linux-x86_64-fedora-gcc