Last updated on 2025-07-17 02:49:25 CEST.
Flavor | Version | Tinstall | Tcheck | Ttotal | Status | Flags |
---|---|---|---|---|---|---|
r-devel-linux-x86_64-debian-clang | 2.0.4 | 2.68 | 36.71 | 39.39 | OK | |
r-devel-linux-x86_64-debian-gcc | 2.0.4 | 2.01 | 27.77 | 29.78 | OK | |
r-devel-linux-x86_64-fedora-clang | 2.0.4 | 65.71 | NOTE | |||
r-devel-linux-x86_64-fedora-gcc | 2.0.4 | 61.70 | NOTE | |||
r-devel-windows-x86_64 | 2.0.4 | 4.00 | 62.00 | 66.00 | OK | |
r-patched-linux-x86_64 | 2.0.4 | 3.04 | 35.22 | 38.26 | OK | |
r-release-linux-x86_64 | 2.0.4 | 2.43 | 35.79 | 38.22 | OK | |
r-release-macos-arm64 | 2.0.4 | 24.00 | OK | |||
r-release-macos-x86_64 | 2.0.4 | 60.00 | OK | |||
r-release-windows-x86_64 | 2.0.4 | 4.00 | 65.00 | 69.00 | OK | |
r-oldrel-macos-arm64 | 2.0.4 | 23.00 | OK | |||
r-oldrel-macos-x86_64 | 2.0.4 | 35.00 | OK | |||
r-oldrel-windows-x86_64 | 2.0.4 | 4.00 | 73.00 | 77.00 | OK |
Version: 2.0.4
Check: dependencies in R code
Result: NOTE
Namespaces in Imports field not imported from:
‘spatstat’ ‘spatstat.data’
All declared Imports should be used.
Flavors: r-devel-linux-x86_64-fedora-clang, r-devel-linux-x86_64-fedora-gcc