Last updated on 2025-11-14 01:51:38 CET.
| Flavor | Version | Tinstall | Tcheck | Ttotal | Status | Flags |
|---|---|---|---|---|---|---|
| r-devel-linux-x86_64-debian-clang | 0.1.3 | 7.26 | 502.12 | 509.38 | OK | |
| r-devel-linux-x86_64-debian-gcc | 0.1.3 | 5.39 | 282.65 | 288.04 | OK | |
| r-devel-linux-x86_64-fedora-clang | 0.1.3 | 30.00 | 818.91 | 848.91 | OK | |
| r-devel-linux-x86_64-fedora-gcc | 0.1.3 | 14.00 | 773.31 | 787.31 | OK | |
| r-devel-windows-x86_64 | 0.1.3 | 12.00 | 441.00 | 453.00 | OK | |
| r-patched-linux-x86_64 | 0.1.3 | 6.36 | 466.69 | 473.05 | OK | |
| r-release-linux-x86_64 | 0.1.3 | 7.22 | 469.22 | 476.44 | OK | |
| r-release-macos-arm64 | 0.1.3 | 3.00 | 186.00 | 189.00 | OK | |
| r-release-macos-x86_64 | 0.1.3 | 7.00 | 478.00 | 485.00 | OK | |
| r-release-windows-x86_64 | 0.1.3 | 12.00 | 429.00 | 441.00 | OK | |
| r-oldrel-macos-arm64 | 0.1.3 | 3.00 | 185.00 | 188.00 | NOTE | |
| r-oldrel-macos-x86_64 | 0.1.3 | 8.00 | 446.00 | 454.00 | NOTE | |
| r-oldrel-windows-x86_64 | 0.1.3 | 15.00 | 621.00 | 636.00 | NOTE |
Version: 0.1.3
Check: installed package size
Result: NOTE
installed size is 10.0Mb
sub-directories of 1Mb or more:
doc 6.3Mb
js 3.4Mb
Flavors: r-oldrel-macos-arm64, r-oldrel-macos-x86_64, r-oldrel-windows-x86_64