Last updated on 2025-11-20 03:50:09 CET.
| Flavor | Version | Tinstall | Tcheck | Ttotal | Status | Flags |
|---|---|---|---|---|---|---|
| r-devel-linux-x86_64-debian-clang | 2.0.2 | 3.60 | 37.27 | 40.87 | NOTE | |
| r-devel-linux-x86_64-debian-gcc | 2.0.2 | 2.19 | 27.82 | 30.01 | NOTE | |
| r-devel-linux-x86_64-fedora-clang | 2.0.2 | 61.24 | NOTE | |||
| r-devel-linux-x86_64-fedora-gcc | 2.0.2 | 54.92 | NOTE | |||
| r-devel-windows-x86_64 | 2.0.2 | 8.00 | 60.00 | 68.00 | NOTE | |
| r-patched-linux-x86_64 | 2.0.2 | 3.83 | 34.03 | 37.86 | NOTE | |
| r-release-linux-x86_64 | 2.0.2 | 3.19 | 33.77 | 36.96 | NOTE | |
| r-release-macos-arm64 | 2.0.2 | NOTE | ||||
| r-release-macos-x86_64 | 2.0.2 | 3.00 | 35.00 | 38.00 | NOTE | |
| r-release-windows-x86_64 | 2.0.2 | 6.00 | 58.00 | 64.00 | NOTE | |
| r-oldrel-macos-arm64 | 2.0.2 | NOTE | ||||
| r-oldrel-macos-x86_64 | 2.0.2 | 3.00 | 29.00 | 32.00 | NOTE | |
| r-oldrel-windows-x86_64 | 2.0.2 | 8.00 | 69.00 | 77.00 | NOTE |
Version: 2.0.2
Check: Rd files
Result: NOTE
checkRd: (-1) process_pcl.Rd:28: Lost braces; missing escapes or markup?
28 | \item{pavd}{logical input to include Plant Area Volume Density Plot from {plot_pavd},
| ^
Flavors: r-devel-linux-x86_64-debian-clang, r-devel-linux-x86_64-debian-gcc, r-devel-linux-x86_64-fedora-clang, r-devel-linux-x86_64-fedora-gcc, r-devel-windows-x86_64, r-patched-linux-x86_64, r-release-linux-x86_64, r-release-macos-arm64, r-release-macos-x86_64, r-release-windows-x86_64, r-oldrel-macos-arm64, r-oldrel-macos-x86_64, r-oldrel-windows-x86_64
Version: 2.0.2
Check: dependencies in R code
Result: NOTE
Namespaces in Imports field not imported from:
‘tibble’ ‘viridis’
All declared Imports should be used.
Flavors: r-devel-linux-x86_64-fedora-clang, r-devel-linux-x86_64-fedora-gcc