Last updated on 2024-07-27 01:53:11 CEST.
Flavor | Version | Tinstall | Tcheck | Ttotal | Status | Flags |
---|---|---|---|---|---|---|
r-devel-linux-x86_64-debian-clang | 0.2.1 | 3.98 | 55.12 | 59.10 | NOTE | |
r-devel-linux-x86_64-debian-gcc | 0.2.1 | 3.57 | 41.58 | 45.15 | NOTE | |
r-devel-linux-x86_64-fedora-clang | 0.2.1 | 78.69 | NOTE | |||
r-devel-linux-x86_64-fedora-gcc | 0.2.1 | 82.50 | NOTE | |||
r-devel-windows-x86_64 | 0.2.1 | 7.00 | 72.00 | 79.00 | NOTE | |
r-patched-linux-x86_64 | 0.2.1 | NOTE | ||||
r-release-linux-x86_64 | 0.2.1 | 3.46 | 52.20 | 55.66 | NOTE | |
r-release-macos-arm64 | 0.2.1 | 32.00 | NOTE | |||
r-release-macos-x86_64 | 0.2.1 | 48.00 | NOTE | |||
r-release-windows-x86_64 | 0.2.1 | 5.00 | 71.00 | 76.00 | NOTE | |
r-oldrel-macos-arm64 | 0.2.1 | 34.00 | NOTE | |||
r-oldrel-macos-x86_64 | 0.2.1 | 51.00 | NOTE | |||
r-oldrel-windows-x86_64 | 0.2.1 | 7.00 | 77.00 | 84.00 | NOTE |
Version: 0.2.1
Check: LazyData
Result: NOTE
'LazyData' is specified without a 'data' directory
Flavors: r-devel-linux-x86_64-debian-clang, r-devel-linux-x86_64-debian-gcc, r-devel-linux-x86_64-fedora-clang, r-devel-linux-x86_64-fedora-gcc, r-devel-windows-x86_64, r-patched-linux-x86_64, r-release-linux-x86_64, r-release-macos-arm64, r-release-macos-x86_64, r-release-windows-x86_64, r-oldrel-macos-arm64, r-oldrel-macos-x86_64, r-oldrel-windows-x86_64