Last updated on 2025-02-14 02:49:43 CET.
Flavor | Version | Tinstall | Tcheck | Ttotal | Status | Flags |
---|---|---|---|---|---|---|
r-devel-linux-x86_64-debian-clang | 3.6.5 | 267.10 | 261.80 | 528.90 | NOTE | |
r-devel-linux-x86_64-debian-gcc | 3.6.5 | 177.22 | 165.21 | 342.43 | NOTE | |
r-devel-linux-x86_64-fedora-clang | 3.6.5 | 897.21 | OK | |||
r-devel-linux-x86_64-fedora-gcc | 3.6.5 | 882.28 | OK | |||
r-devel-windows-x86_64 | 3.6.5 | 268.00 | 249.00 | 517.00 | OK | |
r-patched-linux-x86_64 | 3.6.5 | 251.68 | 242.01 | 493.69 | OK | |
r-release-linux-x86_64 | 3.6.5 | 254.28 | 242.82 | 497.10 | OK | |
r-release-macos-arm64 | 3.6.5 | 239.00 | NOTE | |||
r-release-macos-x86_64 | 3.6.5 | 344.00 | NOTE | |||
r-release-windows-x86_64 | 3.6.5 | 276.00 | 244.00 | 520.00 | NOTE | |
r-oldrel-macos-arm64 | 3.6.5 | 229.00 | NOTE | |||
r-oldrel-macos-x86_64 | 3.6.5 | 325.00 | NOTE | |||
r-oldrel-windows-x86_64 | 3.6.5 | 345.00 | 329.00 | 674.00 | NOTE |
Version: 3.6.5
Check: for unstated dependencies in ‘demo’
Result: NOTE
'library' or 'require' call not declared from: ‘timereg’
Flavors: r-devel-linux-x86_64-debian-clang, r-devel-linux-x86_64-debian-gcc
Version: 3.6.5
Check: installed package size
Result: NOTE
installed size is 12.3Mb
sub-directories of 1Mb or more:
R 2.1Mb
help 2.6Mb
libs 6.1Mb
Flavors: r-release-macos-arm64, r-release-macos-x86_64, r-release-windows-x86_64, r-oldrel-macos-arm64, r-oldrel-macos-x86_64, r-oldrel-windows-x86_64