Last updated on 2024-07-27 01:53:11 CEST.
Flavor | Version | Tinstall | Tcheck | Ttotal | Status | Flags |
---|---|---|---|---|---|---|
r-devel-linux-x86_64-debian-clang | 1.1-8 | 12.37 | 164.27 | 176.64 | OK | |
r-devel-linux-x86_64-debian-gcc | 1.1-8 | 8.61 | 118.22 | 126.83 | ERROR | |
r-devel-linux-x86_64-fedora-clang | 1.1-8 | 223.40 | OK | |||
r-devel-linux-x86_64-fedora-gcc | 1.1-8 | 216.27 | OK | |||
r-devel-windows-x86_64 | 1.1-8 | 11.00 | 151.00 | 162.00 | OK | |
r-patched-linux-x86_64 | 1.1-8 | OK | ||||
r-release-linux-x86_64 | 1.1-8 | 11.21 | 151.02 | 162.23 | OK | |
r-release-macos-arm64 | 1.1-8 | 63.00 | OK | |||
r-release-macos-x86_64 | 1.1-8 | 99.00 | OK | |||
r-release-windows-x86_64 | 1.1-8 | 10.00 | 157.00 | 167.00 | OK | |
r-oldrel-macos-arm64 | 1.1-8 | 74.00 | OK | |||
r-oldrel-macos-x86_64 | 1.1-8 | 157.00 | OK | |||
r-oldrel-windows-x86_64 | 1.1-8 | 12.00 | 184.00 | 196.00 | OK |
Version: 1.1-8
Check: tests
Result: ERROR
Running ‘testthat.R’ [33s/48s]
Running the tests in ‘tests/testthat.R’ failed.
Complete output:
> library("testthat")
> test_check("freegroup")
Loading required package: freegroup
Loading required package: plyr
Attaching package: 'freegroup'
The following object is masked from 'package:plyr':
id
[ FAIL 1 | WARN 0 | SKIP 0 | PASS 1006 ]
══ Failed tests ════════════════════════════════════════════════════════════════
── Failure ('test_aab.R:7:5'): Test suite aab.R ────────────────────────────────
all(X == X %>% autosub("a", S) %>% autosub("a", -S)) is not TRUE
`actual`: FALSE
`expected`: TRUE
Backtrace:
▆
1. └─freegroup (local) autosub_checker(X = rfree(n, r), S = discard(rfree(1, r), "a")) at test_aab.R:19:9
2. └─testthat::expect_true(...) at test_aab.R:7:5
[ FAIL 1 | WARN 0 | SKIP 0 | PASS 1006 ]
Error: Test failures
Execution halted
Flavor: r-devel-linux-x86_64-debian-gcc