Last updated on 2025-11-20 03:50:09 CET.
| Flavor | Version | Tinstall | Tcheck | Ttotal | Status | Flags |
|---|---|---|---|---|---|---|
| r-devel-linux-x86_64-debian-clang | 2.0.5 | 3.01 | 35.11 | 38.12 | NOTE | |
| r-devel-linux-x86_64-debian-gcc | 2.0.5 | 1.94 | 25.40 | 27.34 | NOTE | |
| r-devel-linux-x86_64-fedora-clang | 2.0.5 | 21.00 | 40.55 | 61.55 | OK | |
| r-devel-linux-x86_64-fedora-gcc | 2.0.5 | 51.93 | OK | |||
| r-devel-windows-x86_64 | 2.0.5 | 4.00 | 52.00 | 56.00 | OK | |
| r-patched-linux-x86_64 | 2.0.5 | 3.21 | 32.10 | 35.31 | OK | |
| r-release-linux-x86_64 | 2.0.5 | 2.72 | 31.52 | 34.24 | OK | |
| r-release-macos-arm64 | 2.0.5 | OK | ||||
| r-release-macos-x86_64 | 2.0.5 | 4.00 | 30.00 | 34.00 | OK | |
| r-release-windows-x86_64 | 2.0.5 | 5.00 | 52.00 | 57.00 | OK | |
| r-oldrel-macos-arm64 | 2.0.5 | OK | ||||
| r-oldrel-macos-x86_64 | 2.0.5 | 2.00 | 24.00 | 26.00 | OK | |
| r-oldrel-windows-x86_64 | 2.0.5 | 6.00 | 61.00 | 67.00 | OK |
Version: 2.0.5
Check: CRAN incoming feasibility
Result: NOTE
Maintainer: ‘Kidzinski L. <lukasz.kidzinski@stanford.edu>’
No Authors@R field in DESCRIPTION.
Please add one, modifying
Authors@R: c(person(given = "Hormann",
family = "S.",
role = "aut"),
person(given = "Kidzinski",
family = "L.",
role = c("aut", "cre"),
email = "lukasz.kidzinski@stanford.edu"))
as necessary.
Flavors: r-devel-linux-x86_64-debian-clang, r-devel-linux-x86_64-debian-gcc