Last updated on 2024-05-09 01:55:55 CEST.
Flavor | Version | Tinstall | Tcheck | Ttotal | Status | Flags |
---|---|---|---|---|---|---|
r-devel-linux-x86_64-debian-clang | 0.2.1 | 389.66 | 58.15 | 447.81 | OK | |
r-devel-linux-x86_64-debian-gcc | 0.2.1 | 306.85 | 50.40 | 357.25 | OK | |
r-devel-linux-x86_64-fedora-clang | 0.2.1 | 556.34 | NOTE | |||
r-devel-linux-x86_64-fedora-gcc | 0.2.1 | 837.30 | OK | |||
r-devel-windows-x86_64 | 0.2.1 | 237.00 | 120.00 | 357.00 | OK | |
r-patched-linux-x86_64 | 0.2.1 | 364.82 | 63.11 | 427.93 | OK | |
r-release-linux-x86_64 | 0.2.1 | 356.16 | 64.35 | 420.51 | OK | |
r-release-macos-arm64 | 0.2.1 | 123.00 | NOTE | |||
r-release-windows-x86_64 | 0.2.1 | 240.00 | 122.00 | 362.00 | OK | |
r-oldrel-macos-arm64 | 0.2.1 | 162.00 | NOTE | |||
r-oldrel-macos-x86_64 | 0.2.1 | 278.00 | NOTE | |||
r-oldrel-windows-x86_64 | 0.2.1 | 228.00 | 130.00 | 358.00 | OK |
Version: 0.2.1
Check: installed package size
Result: NOTE
installed size is 8.0Mb
sub-directories of 1Mb or more:
libs 7.5Mb
Flavors: r-devel-linux-x86_64-fedora-clang, r-release-macos-arm64, r-oldrel-macos-arm64, r-oldrel-macos-x86_64