Last updated on 2024-07-27 01:53:12 CEST.
Flavor | Version | Tinstall | Tcheck | Ttotal | Status | Flags |
---|---|---|---|---|---|---|
r-devel-linux-x86_64-debian-clang | 0.9.18 | 61.51 | 32.56 | 94.07 | NOTE | |
r-devel-linux-x86_64-debian-gcc | 0.9.18 | 36.16 | 24.83 | 60.99 | NOTE | |
r-devel-linux-x86_64-fedora-clang | 0.9.18 | 223.94 | NOTE | |||
r-devel-linux-x86_64-fedora-gcc | 0.9.18 | 140.47 | NOTE | |||
r-devel-windows-x86_64 | 0.9.18 | 104.00 | 71.00 | 175.00 | NOTE | |
r-patched-linux-x86_64 | 0.9.18 | OK | ||||
r-release-linux-x86_64 | 0.9.18 | 49.44 | 31.16 | 80.60 | OK | |
r-release-macos-arm64 | 0.9.18 | 41.00 | OK | |||
r-release-macos-x86_64 | 0.9.18 | 45.00 | OK | |||
r-release-windows-x86_64 | 0.9.18 | 128.00 | 68.00 | 196.00 | OK | |
r-oldrel-macos-arm64 | 0.9.18 | 59.00 | OK | |||
r-oldrel-macos-x86_64 | 0.9.18 | 64.00 | OK | |||
r-oldrel-windows-x86_64 | 0.9.18 | 104.00 | 79.00 | 183.00 | OK |
Version: 0.9.18
Check: compiled code
Result: NOTE
File ‘fstcore/libs/fstcore.so’:
Found non-API calls to R: ‘Rf_NonNullStringMatch’, ‘SET_S4_OBJECT’
Compiled code should not call non-API entry points in R.
See ‘Writing portable packages’ in the ‘Writing R Extensions’ manual,
and section ‘Moving into C API compliance’ for issues with the use of
non-API entry points.
Flavors: r-devel-linux-x86_64-debian-clang, r-devel-linux-x86_64-debian-gcc, r-devel-linux-x86_64-fedora-clang, r-devel-linux-x86_64-fedora-gcc
Version: 0.9.18
Check: compiled code
Result: NOTE
File 'fstcore/libs/x64/fstcore.dll':
Found non-API calls to R: 'Rf_NonNullStringMatch', 'SET_S4_OBJECT'
Compiled code should not call non-API entry points in R.
See 'Writing portable packages' in the 'Writing R Extensions' manual,
and section 'Moving into C API compliance' for issues with the use of
non-API entry points.
Flavor: r-devel-windows-x86_64