Last updated on 2024-07-27 01:53:12 CEST.
Flavor | Version | Tinstall | Tcheck | Ttotal | Status | Flags |
---|---|---|---|---|---|---|
r-devel-linux-x86_64-debian-clang | 0.3.6 | 3.38 | 31.91 | 35.29 | OK | |
r-devel-linux-x86_64-debian-gcc | 0.3.6 | 1.88 | 24.96 | 26.84 | OK | |
r-devel-linux-x86_64-fedora-clang | 0.3.6 | 46.32 | NOTE | |||
r-devel-linux-x86_64-fedora-gcc | 0.3.6 | 41.70 | NOTE | |||
r-devel-windows-x86_64 | 0.3.6 | 4.00 | 53.00 | 57.00 | OK | |
r-patched-linux-x86_64 | 0.3.6 | OK | ||||
r-release-linux-x86_64 | 0.3.6 | 2.21 | 31.62 | 33.83 | OK | |
r-release-macos-arm64 | 0.3.6 | 21.00 | OK | |||
r-release-macos-x86_64 | 0.3.6 | 39.00 | OK | |||
r-release-windows-x86_64 | 0.3.6 | 5.00 | 53.00 | 58.00 | OK | |
r-oldrel-macos-arm64 | 0.3.6 | 27.00 | OK | |||
r-oldrel-macos-x86_64 | 0.3.6 | 41.00 | OK | |||
r-oldrel-windows-x86_64 | 0.3.6 | 5.00 | 56.00 | 61.00 | OK |
Version: 0.3.6
Check: data for non-ASCII characters
Result: NOTE
Note: found 7921 marked UTF-8 strings
Flavors: r-devel-linux-x86_64-fedora-clang, r-devel-linux-x86_64-fedora-gcc