Last updated on 2025-05-07 01:49:57 CEST.
Flavor | Version | Tinstall | Tcheck | Ttotal | Status | Flags |
---|---|---|---|---|---|---|
r-devel-linux-x86_64-debian-clang | 0.3 | 2.34 | 22.73 | 25.07 | NOTE | |
r-devel-linux-x86_64-debian-gcc | 0.3 | 2.00 | 17.87 | 19.87 | NOTE | |
r-devel-linux-x86_64-fedora-clang | 0.3 | 36.82 | OK | |||
r-devel-linux-x86_64-fedora-gcc | 0.3 | 35.21 | OK | |||
r-devel-windows-x86_64 | 0.3 | 3.00 | 40.00 | 43.00 | OK | |
r-patched-linux-x86_64 | 0.3 | 2.47 | 21.20 | 23.67 | NOTE | |
r-release-linux-x86_64 | 0.3 | 2.26 | 21.08 | 23.34 | NOTE | |
r-release-macos-arm64 | 0.3 | 17.00 | OK | |||
r-release-macos-x86_64 | 0.3 | 30.00 | OK | |||
r-release-windows-x86_64 | 0.3 | 4.00 | 43.00 | 47.00 | OK | |
r-oldrel-macos-arm64 | 0.3 | 15.00 | OK | |||
r-oldrel-macos-x86_64 | 0.3 | 27.00 | OK | |||
r-oldrel-windows-x86_64 | 0.3 | 3.00 | 39.00 | 42.00 | OK |
Version: 0.3
Check: for unstated dependencies in ‘demo’
Result: NOTE
'library' or 'require' calls not declared from:
‘rgl’ ‘tuneR’
Flavors: r-devel-linux-x86_64-debian-clang, r-devel-linux-x86_64-debian-gcc, r-patched-linux-x86_64, r-release-linux-x86_64