Last updated on 2025-10-09 02:51:43 CEST.
Flavor | Version | Tinstall | Tcheck | Ttotal | Status | Flags |
---|---|---|---|---|---|---|
r-devel-linux-x86_64-debian-clang | 1.0.2 | 13.57 | 332.97 | 346.54 | NOTE | |
r-devel-linux-x86_64-debian-gcc | 1.0.2 | 8.79 | 239.30 | 248.09 | NOTE | |
r-devel-linux-x86_64-fedora-clang | 1.0.2 | 584.17 | OK | |||
r-devel-linux-x86_64-fedora-gcc | 1.0.2 | 550.93 | OK | |||
r-devel-windows-x86_64 | 1.0.2 | 15.00 | 375.00 | 390.00 | OK | |
r-patched-linux-x86_64 | 1.0.2 | 13.63 | 319.66 | 333.29 | OK | |
r-release-linux-x86_64 | 1.0.2 | 13.87 | 318.89 | 332.76 | OK | |
r-release-macos-arm64 | 1.0.2 | 181.00 | OK | |||
r-release-macos-x86_64 | 1.0.2 | 386.00 | OK | |||
r-release-windows-x86_64 | 1.0.2 | 15.00 | 371.00 | 386.00 | OK | |
r-oldrel-macos-arm64 | 1.0.2 | 170.00 | OK | |||
r-oldrel-macos-x86_64 | 1.0.2 | 289.00 | OK | |||
r-oldrel-windows-x86_64 | 1.0.2 | 21.00 | 478.00 | 499.00 | OK |
Version: 1.0.2
Check: CRAN incoming feasibility
Result: NOTE
Maintainer: ‘John J. Dziak <dziakj1@gmail.com>’
The Description field contains
Piper & Li (2021) <arXiv:2112.03960>. The model is similar to that of
Please refer to arXiv e-prints via their arXiv DOI <doi:10.48550/arXiv.YYMM.NNNNN>.
Flavors: r-devel-linux-x86_64-debian-clang, r-devel-linux-x86_64-debian-gcc