Last updated on 2024-07-27 01:53:12 CEST.
Flavor | Version | Tinstall | Tcheck | Ttotal | Status | Flags |
---|---|---|---|---|---|---|
r-devel-linux-x86_64-debian-clang | 0.12.1 | 7.60 | 337.00 | 344.60 | OK | |
r-devel-linux-x86_64-debian-gcc | 0.12.1 | 4.65 | 252.57 | 257.22 | NOTE | |
r-devel-linux-x86_64-fedora-clang | 0.12.1 | 428.63 | OK | |||
r-devel-linux-x86_64-fedora-gcc | 0.12.1 | 458.43 | OK | |||
r-devel-windows-x86_64 | 0.12.1 | 7.00 | 264.00 | 271.00 | NOTE | |
r-patched-linux-x86_64 | 0.12.1 | OK | ||||
r-release-linux-x86_64 | 0.12.1 | 5.47 | 320.76 | 326.23 | OK | |
r-release-macos-arm64 | 0.12.1 | 152.00 | OK | |||
r-release-macos-x86_64 | 0.12.1 | 229.00 | OK | |||
r-release-windows-x86_64 | 0.12.1 | 7.00 | 264.00 | 271.00 | OK | |
r-oldrel-macos-arm64 | 0.12.1 | 173.00 | OK | |||
r-oldrel-macos-x86_64 | 0.12.1 | 319.00 | OK | |||
r-oldrel-windows-x86_64 | 0.12.1 | 8.00 | 315.00 | 323.00 | OK |
Version: 0.12.1
Check: Rd cross-references
Result: NOTE
Found the following Rd file(s) with Rd \link{} targets missing package
anchors:
nbrOfWorkers.batchtools.Rd: plan
Please provide package anchors for all Rd \link{} targets not in the
package itself and the base packages.
Flavors: r-devel-linux-x86_64-debian-gcc, r-devel-windows-x86_64