Last updated on 2024-07-27 01:53:12 CEST.
Flavor | Version | Tinstall | Tcheck | Ttotal | Status | Flags |
---|---|---|---|---|---|---|
r-devel-linux-x86_64-debian-clang | 4.10.7 | 24.81 | 276.17 | 300.98 | OK | |
r-devel-linux-x86_64-debian-gcc | 4.10.7 | 23.38 | 191.02 | 214.40 | NOTE | |
r-devel-linux-x86_64-fedora-clang | 4.10.7 | 363.82 | OK | |||
r-devel-linux-x86_64-fedora-gcc | 4.10.7 | 332.95 | OK | |||
r-devel-windows-x86_64 | 4.10.7 | 21.00 | 173.00 | 194.00 | NOTE | |
r-patched-linux-x86_64 | 4.10.7 | OK | ||||
r-release-linux-x86_64 | 4.10.7 | 27.73 | 258.63 | 286.36 | OK | |
r-release-macos-arm64 | 4.10.7 | 71.00 | OK | |||
r-release-macos-x86_64 | 4.10.7 | 120.00 | OK | |||
r-release-windows-x86_64 | 4.10.7 | 21.00 | 174.00 | 195.00 | OK | |
r-oldrel-macos-arm64 | 4.10.7 | 79.00 | OK | |||
r-oldrel-macos-x86_64 | 4.10.7 | 227.00 | OK | |||
r-oldrel-windows-x86_64 | 4.10.7 | 29.00 | 229.00 | 258.00 | OK |
Version: 4.10.7
Check: Rd cross-references
Result: NOTE
Found the following Rd file(s) with Rd \link{} targets missing package
anchors:
prevalence.Rd: mod2obspred
Please provide package anchors for all Rd \link{} targets not in the
package itself and the base packages.
Flavors: r-devel-linux-x86_64-debian-gcc, r-devel-windows-x86_64