Last updated on 2024-07-27 01:53:13 CEST.
Flavor | Version | Tinstall | Tcheck | Ttotal | Status | Flags |
---|---|---|---|---|---|---|
r-devel-linux-x86_64-debian-clang | 1.1.8 | 10.64 | 109.66 | 120.30 | OK | |
r-devel-linux-x86_64-debian-gcc | 1.1.8 | 9.32 | 79.40 | 88.72 | NOTE | |
r-devel-linux-x86_64-fedora-clang | 1.1.8 | 151.93 | OK | |||
r-devel-linux-x86_64-fedora-gcc | 1.1.8 | 140.72 | OK | |||
r-devel-windows-x86_64 | 1.1.8 | 10.00 | 93.00 | 103.00 | NOTE | |
r-patched-linux-x86_64 | 1.1.8 | OK | ||||
r-release-linux-x86_64 | 1.1.8 | 7.11 | 98.94 | 106.05 | OK | |
r-release-macos-arm64 | 1.1.8 | 42.00 | OK | |||
r-release-macos-x86_64 | 1.1.8 | 70.00 | OK | |||
r-release-windows-x86_64 | 1.1.8 | 11.00 | 94.00 | 105.00 | OK | |
r-oldrel-macos-arm64 | 1.1.8 | 52.00 | OK | |||
r-oldrel-macos-x86_64 | 1.1.8 | 84.00 | OK | |||
r-oldrel-windows-x86_64 | 1.1.8 | 14.00 | 114.00 | 128.00 | OK |
Version: 1.1.8
Check: Rd cross-references
Result: NOTE
Found the following Rd file(s) with Rd \link{} targets missing package
anchors:
propagate.gRaven.Rd: propagate
Please provide package anchors for all Rd \link{} targets not in the
package itself and the base packages.
Flavors: r-devel-linux-x86_64-debian-gcc, r-devel-windows-x86_64