Last updated on 2025-05-24 01:51:21 CEST.
Flavor | Version | Tinstall | Tcheck | Ttotal | Status | Flags |
---|---|---|---|---|---|---|
r-devel-linux-x86_64-debian-clang | 1.2 | 2.61 | 20.65 | 23.26 | NOTE | |
r-devel-linux-x86_64-debian-gcc | 1.2 | 1.94 | 15.84 | 17.78 | NOTE | |
r-devel-linux-x86_64-fedora-clang | 1.2 | 35.89 | OK | |||
r-devel-linux-x86_64-fedora-gcc | 1.2 | 33.74 | OK | |||
r-devel-windows-x86_64 | 1.2 | 3.00 | 45.00 | 48.00 | OK | |
r-patched-linux-x86_64 | 1.2 | 2.39 | 19.23 | 21.62 | OK | |
r-release-linux-x86_64 | 1.2 | 2.43 | 19.37 | 21.80 | OK | |
r-release-macos-arm64 | 1.2 | 17.00 | OK | |||
r-release-macos-x86_64 | 1.2 | 35.00 | OK | |||
r-release-windows-x86_64 | 1.2 | 3.00 | 43.00 | 46.00 | OK | |
r-oldrel-macos-arm64 | 1.2 | 14.00 | OK | |||
r-oldrel-macos-x86_64 | 1.2 | 25.00 | OK | |||
r-oldrel-windows-x86_64 | 1.2 | 3.00 | 38.00 | 41.00 | OK |
Version: 1.2
Check: CRAN incoming feasibility
Result: NOTE
Maintainer: ‘Craig A. Rolling <craig.rolling@slu.edu>’
No Authors@R field in DESCRIPTION.
Please add one, modifying
Authors@R: person(given = c("Craig", "A."),
family = "Rolling",
role = c("aut", "cre"),
email = "craig.rolling@slu.edu")
as necessary.
Flavors: r-devel-linux-x86_64-debian-clang, r-devel-linux-x86_64-debian-gcc